
11 (base 3) to base 12
4
Convert -b9 (base 14) to base 4.
-2203
2 (base 6) to base 14
2
-2 (base 6) to base 3
-2
What is 0 (base 11) in base 8?
0
What is -69 (base 10) in base 15?
-49
-43 (base 8) to base 6
-55
-102 (base 4) to base 15
-13
Convert -162 (base 8) to base 10.
-114
Convert 4 (base 14) to base 16.
4
Convert -86 (base 9) to base 2.
-1001110
Convert 12 (base 5) to base 6.
11
Convert 33 (base 6) to base 16.
15
Convert 7 (base 13) to base 15.
7
What is 10110 (base 2) in base 9?
24
Convert -1000110 (base 2) to base 11.
-64
What is 113 (base 11) in base 16?
87
What is 155 (base 6) in base 11?
65
Convert -1 (base 15) to base 6.
-1
Convert 420 (base 5) to base 7.
215
-12 (base 16) to base 9
-20
-42 (base 8) to base 15
-24
What is 221 (base 8) in base 11?
122
Convert -1105 (base 6) to base 13.
-16a
Convert -7 (base 15) to base 10.
-7
What is 222 (base 4) in base 13?
33
Convert -2 (base 3) to base 11.
-2
Convert -10 (base 10) to base 13.
-a
Convert -3 (base 6) to base 9.
-3
-1 (base 15) to base 7
-1
2 (base 14) to base 15
2
What is 1 (base 7) in base 9?
1
Convert -21 (base 7) to base 10.
-15
What is 2 (base 4) in base 16?
2
What is 2 (base 10) in base 12?
2
What is -25 (base 8) in base 7?
-30
-68 (base 15) to base 4
-1202
What is 4 (base 9) in base 8?
4
4 (base 7) to base 3
11
What is -40 (base 14) in base 7?
-110
What is -28 (base 10) in base 9?
-31
Convert 0 (base 16) to base 6.
0
Convert 90 (base 14) to base 4.
1332
Convert 1011 (base 4) to base 13.
54
-4 (base 14) to base 12
-4
Convert -77 (base 11) to base 10.
-84
What is 10000000 (base 2) in base 8?
200
Convert -1443 (base 6) to base 12.
-283
Convert 133 (base 5) to base 9.
47
What is 30 (base 4) in base 8?
14
-9 (base 12) to base 2
-1001
Convert 47 (base 8) to base 9.
43
What is -4 (base 14) in base 15?
-4
What is -20 (base 4) in base 5?
-13
2d (base 15) to base 7
61
What is -2 (base 9) in base 16?
-2
-322 (base 8) to base 2
-11010010
-8 (base 12) to base 2
-1000
What is 12 (base 3) in base 5?
10
What is 101 (base 2) in base 11?
5
What is -1 (base 4) in base 15?
-1
What is -1210 (base 6) in base 14?
-170
11 (base 6) to base 3
21
Convert d (base 14) to base 3.
111
Convert 3 (base 4) to base 10.
3
What is -10 (base 3) in base 11?
-3
What is -27 (base 14) in base 11?
-32
Convert -456 (base 9) to base 3.
-111220
What is 25 (base 10) in base 3?
221
Convert -202 (base 11) to base 10.
-244
-4 (base 8) to base 4
-10
What is -10 (base 7) in base 12?
-7
What is -20 (base 10) in base 7?
-26
-188 (base 11) to base 7
-430
What is 159 (base 13) in base 5?
1433
What is -2 (base 12) in base 9?
-2
-257 (base 8) to base 11
-14a
-321 (base 5) to base 9
-105
What is -1102 (base 3) in base 12?
-32
Convert 6e (base 16) to base 3.
11002
7 (base 8) to base 2
111
What is 336 (base 7) in base 11?
149
Convert 7 (base 15) to base 9.
7
Convert -13 (base 16) to base 15.
-14
Convert 19 (base 11) to base 2.
10100
Convert 0 (base 10) to base 6.
0
3 (base 16) to base 12
3
What is 35 (base 16) in base 8?
65
What is -2 (base 12) in base 13?
-2
-17 (base 11) to base 6
-30
-5 (base 10) to base 7
-5
-2132 (base 4) to base 14
-b4
What is -11 (base 2) in base 7?
-3
-1 (base 8) to base 9
-1
-2a (base 15) to base 10
-40
Convert 4 (base 6) to base 15.
4
Convert 49 (base 12) to base 3.
2010
Convert -2 (base 14) to base 6.
-2
What is 133 (base 4) in base 3?
1011
101 (base 2) to base 9
5
-151 (base 6) to base 15
-47
-12 (base 4) to base 10
-6
What is 11011 (base 2) in base 11?
25
Convert 2 (base 15) to base 16.
2
What is -51 (base 8) in base 5?
-131
10 (base 15) to base 12
13
ca (base 14) to base 12
12a
-3d (base 14) to base 8
-67
Convert 2a (base 12) to base 3.
1021
13 (base 6) to base 2
1001
Convert -4 (base 6) to base 15.
-4
What is -10 (base 5) in base 16?
-5
Convert 2 (base 11) to base 3.
2
Convert -1 (base 13) to base 10.
-1
-1022 (base 3) to base 4
-203
What is 0 (base 13) in base 10?
0
What is 5 (base 10) in base 9?
5
-14 (base 11) to base 4
-33
7 (base 12) to base 2
111
Convert -2a (base 12) to base 7.
-46
Convert 10011 (base 2) to base 16.
13
What is -11100 (base 2) in base 15?
-1d
-50 (base 12) to base 8
-74
What is -3 (base 5) in base 2?
-11
2200 (base 3) to base 13
57
-3f (base 16) to base 8
-77
What is 3b (base 12) in base 8?
57
2 (base 6) to base 12
2
What is 5 (base 6) in base 16?
5
1 (base 14) to base 11
1
-1134 (base 5) to base 3
-20021
-45 (base 8) to base 12
-31
Convert -a (base 11) to base 14.
-a
Convert -12 (base 9) to base 10.
-11
Convert 14 (base 12) to base 7.
22
1 (base 3) to base 4
1
-1044 (base 5) to base 10
-149
-20 (base 4) to base 6
-12
Convert -60 (base 9) to base 16.
-36
What is -2 (base 5) in base 15?
-2
-9 (base 13) to base 2
-1001
-6c (base 14) to base 8
-140
What is 12 (base 16) in base 3?
200
What is 1121 (base 3) in base 13?
34
-10 (base 10) to base 5
-20
-7 (base 13) to base 2
-111
245 (base 8) to base 15
b0
What is 212 (base 6) in base 2?
1010000
What is -10101 (base 3) in base 8?
-133
What is 17 (base 9) in base 3?
121
What is 24 (base 12) in base 14?
20
Convert 2 (base 6) to base 15.
2
18 (base 15) to base 2
10111
Convert 0 (base 2) to base 5.
0
What is -5b (base 15) in base 13?
-68
-12 (base 3) to base 2
-101
Convert -cc (base 13) to base 10.
-168
What is -4 (base 11) in base 13?
-4
What is c (base 15) in base 16?
c
Convert -4 (base 15) to base 9.
-4
What is -313 (base 4) in base 5?
-210
What is 113 (base 7) in base 9?
65
32 (base 4) to base 11
13
Convert -17 (base 14) to base 6.
-33
What is 2 (base 4) in base 13?
2
What is 4 (base 12) in base 14?
4
What is -1002 (base 6) in base 11?
-189
-7 (base 11) to base 4
-13
Convert 2201 (base 3) to base 2.
1001001
Convert -2 (base 4) to base 13.
-2
6 (base 11) to base 9
6
What is 1 (base 3) in base 9?
1
Convert -27 (base 12) to base 10.
-31
What is -1 (base 11) in base 8?
-1
Convert 21 (base 11) to base 14.
19
What is -23 (base 7) in base 6?
-25
Convert 2 (base 13) to base 7.
2
-10 (base 13) to base 15
-d
What is 35 (base 8) in base 14?
21
Convert 1 (base 6) to base 8.
1
What is 4 (base 12) in base 11?
4
16 (base 11) to base 4
101
0 (base 12) to base 4
0
5 (base 13) to base 6
5
-2 (base 8) to base 9
-2
1 (base 9) to base 7
1
33 (base 4) to base 7
21
Convert -23 (base 15) to base 3.
-1020
What is 653 (base 7) in base 16?
14c
-a7 (base 11) to base 5
-432
Convert 110221 (base 3) to base 16.
15d
Convert -15 (base 9) to base 12.
-12
What is -11 (base 16) in base 7?
-23
-10 (base 9) to base 4
-21
What is 38 (base 10) in base 4?
212
Convert -10 (base 6) to base 16.
-6
-9 (base 12) to base 2
-1001
Convert -1 (base 9) to base 15.
-1
11 (base 3) to base 15
4
283 (base 12) to base 3
112100
-34 (base 5) to base 9
-21
5 (base 7) to base 16
5
What is 3 (base 15) in base 4?
3
Convert -14 (base 15) to base 12.
-17
-378 (base 10) to base 15
-1a3
Convert -1040 (base 6) to base 12.
-180
What is 2 (base 10) in base 11?
2
Convert 2 (base 14) to base 12.
2
What is -313 (base 4) in base 13?
-43
What is 0 (base 16) in base 13?
0
What is -1 (base 7) in base 14?
-1
44 (base 6) to base 7
40
What is 1 (base 14) in base 10?
1
Convert 9 (base 13) to base 15.
9
2b (base 13) to base 15
27
Convert 7e (base 15) to base 12.
9b
Convert -23 (base 5) to base 14.
-d
Convert -75 (base 16) to base 4.
-1311
What is -1b (base 13) in base 3?
-220
Convert 4 (base 12) to base 14.
4
332 (base 4) to base 13
4a
-10 (base 4) to base 3
-11
-14 (base 10) to base 9
-15
Convert -2 (base 4) to base 3.
-2
What is 9 (base 15) in base 4?
21
-42 (base 5) to base 6
-34
What is -10 (base 3) in base 4?
-3
What is 1 (base 14) in base 4?
1
Convert -354 (base 8) to base 5.
-1421
What is b (base 13) in base 16?
b
What is -4 (base 8) in base 4?
-10
-10 (base 11) to base 5
-21
Convert 50 (base 15) to base 10.
75
24 (base 13) to base 15
20
-125 (base 8) to base 3
-10011
What is 15 (base 16) in base 10?
21
What is 1 (base 15) in base 4?
1
2 (base 16) to base 11
2
48 (base 13) to base 9
66
Convert -1 (base 11) to base 10.
-1
8 (base 9) to base 10
8
Convert 1000001 (base 2) to base 14.
49
What is -12 (base 5) in base 9?
-7
Convert -3 (base 9) to base 6.
-3
What is 0 (base 5) in base 7?
0
What is -23 (base 5) in base 14?
-d
25 (base 13) to base 3
1011
What is 4 (base 14) in base 16?
4
-1 (base 5) to base 10
-1
6